35) a composite number?
False
Let p be (-3)/24 + 11033/8 + -3. Suppose 0*u - 2*u + 2*i + 2740 = 0, -u - 5*i = -p. Is u composite?
True
Let l = 7 - 13. Let i(r) = -r**3 + 2*r**2 - 5*r - 9. Let b be i(l). Let n = b - 182. Is n composite?
False
Let k be (31/3 - 5) + 1/(-3). Suppose -4*b + 518 = -2*y, 4*b + 0*y - 512 = 4*y. Suppose k*x - 129 = h + b, -48 = -x + h. Is x a composite number?
False
Let q = -29 + 28. Is 8 + -8 + (-169)/q composite?
True
Suppose 17*s - 19*s + 4 = 0. Let z be 3*s*(-4)/(-12). Let x(c) = 629*c**2 - 3*c + 3. Is x(z) prime?
False
Let n be (-2)/(-4) - (-54)/8*2. Suppose -10*a - 4796 = -n*a. Is a composite?
True
Suppose -4*h - 11 = -f, 3*h + 2*h = 4*f - 99. Let x = 45 - f. Let s(d) = 41*d + 13. Is s(x) prime?
True
Suppose -9*k - 5 - 13 = 0. Is (1 + k)*5/((-30)/762) a composite number?
False
Let y(g) = 9*g**3 - 4*g**2 + 10*g - 2. Is y(3) a composite number?
True
Let c(k) be the second derivative of k**6/720 + 623*k**5/120 - k**4/2 + 8*k. Let y(l) be the third derivative of c(l). Is y(0) a prime number?
False
Let v = 612 - 1638. Let b = v - -2975. Is b a composite number?
False
Let x(n) = -n**3 + 3*n + 0*n + 14*n**2 - 1847 + 1842. Let g be 1 - 11/2*-2. Is x(g) a composite number?
True
Suppose 4*w = -5*m + 86249, -29923 = -2*w - m + 13200. Is w a composite number?
True
Let v be 5*((-5116)/(-20) + -1). Let m = -211 + v. Suppose 0 = 2*o + 249 - m. Is o prime?
False
Let n = -333 + 169. Let s be (-2)/(-7) - (-8432)/(-112). Let u = s - n. Is u composite?
False
Suppose 0 = -19*b + 17*b + 422. Is b a composite number?
False
Suppose -48*w = -49*w - 4189. Let a = -2972 - w. Is a a prime number?
True
Suppose -13 = -5*p - 2*d, -2*p = 3*d + d - 2. Suppose 25 - 4 = l - 2*c, p*c = l - 23. Suppose -6 - l = -q. Is q a composite number?
False
Let m(a) = a**3 + 74*a**2 - 86*a - 176. Is m(-55) prime?
False
Let d(z) = -z**3 + 13*z**2 + 15*z - 4. Let o be d(14). Suppose -h + o*h = 2961. Is h a composite number?
True
Let m(s) = 40*s**2 - s + 77. Is m(-12) composite?
False
Suppose 0 = -4*h - 5*n + 9*n + 77612, 2*h - 4*n - 38814 = 0. Is h composite?
True
Suppose 9*v - 7*v = -3*o + 24346, 2*v + 32452 = 4*o. Is o prime?
False
Suppose 2*d + 4*d - 12 = 0. Suppose -2*u - d = -14. Is u/(-39) + 14085/39 a composite number?
True
Let p(f) = -3*f**3 + 18*f**2 + 114*f + 34. Is p(-17) composite?
True
Let n = 28193 - 11392. Is n a composite number?
True
Let s = -78 - -78. Suppose -3*k - 2*k + 245 = s. Is k a prime number?
False
Let s be (-10)/(-6)*54/30. Suppose -3*g - 10 = -5*h, -5*g - s = 5*h - 53. Suppose h*q - 3*i = 1240, 2*i + 1245 = 5*q - 0*q. Is q a prime number?
True
Suppose 2*v - 1740 = -4*n, 3*n + 0 = 9. Let p = v + -455. Is p a composite number?
False
Let u = 21 - 16. Suppose -u*l = 5*y - 665, 4*l + 0*y - y - 532 = 0. Is l a prime number?
False
Suppose -7*t = -6*t - 3*u - 3835, 0 = 2*t - 2*u - 7654. Is t composite?
False
Let q = -17 + 13. Let u be (-27)/36*(0 + q). Is u/(-3)*(-3 - 154) a composite number?
False
Let p be (-57)/(-21) + (-3)/(63/(-6)). Suppose 5*c = -s + 1657, -1328 = -4*c + p*s - 5*s. Is c prime?
True
Let u be -1*21*1988/42. Let p = -381 - u. Is p composite?
False
Let u = -5031 - -24136. Is u a prime number?
False
Let v be 2 + (3 + 1 - -106). Suppose v = z + 23. Is z a composite number?
False
Suppose -r + 192130 - 22358 = 3*s, -113190 = -2*s + 8*r. Is s a composite number?
False
Is ((-1895)/(-30)*-3)/(1/(-4)) a composite number?
True
Suppose l = f - 5, 2*f - 2*l = -3*l + 1. Suppose -2*b + f = -b. Suppose 0*j = -b*j + 74. Is j composite?
False
Let n(j) = 82*j + 17. Let o be n(3). Suppose 2*t - o = 1071. Is t a prime number?
False
Suppose -6971 = -10*l + 16119. Is l composite?
False
Let q = -415 - -1350. Suppose -l + q = 5*u, 3*u + u + 3*l = 748. Is u composite?
True
Suppose 0 = -59*x + 56*x - 3*o + 7482, -o = 3. Is x prime?
False
Let u = -1611 + 2356. Is u prime?
False
Is ((-10)/(-50))/((-3)/(-127515)) composite?
False
Let v = 17547 - 7010. Is v composite?
True
Let v(i) = 75*i + 22. Let a = 3 - -2. Is v(a) a composite number?
False
Let y be 2 - ((-4)/(-4) - -3). Let j(n) = -3*n**2 - 2. Let p be j(y). Let v = 97 - p. Is v prime?
False
Let y = -31 - -35. Suppose y*t = 4*b - 2*b + 222, -5*t + 5*b + 290 = 0. Is t a composite number?
False
Let v(r) = 9*r**2 - 12*r - 195. Is v(54) a composite number?
True
Let k(v) be the first derivative of 1/3*v**3 - 4 + 121*v - 1/2*v**2. Is k(0) prime?
False
Suppose -21*i = -12*i - 25479. Is i a composite number?
True
Let h = -6 - -12. Suppose h*n - 506 = 340. Is n a prime number?
False
Is 15*(-4)/12*(-64951)/5 composite?
False
Let p = -1340 + 2779. Is p a composite number?
False
Suppose -2*q = 2*h - 36, 71 = 2*q + 4*h - 9*h. Let a = q - 17. Suppose a*o - 3*o = 1413. Is o a composite number?
True
Is 113*55/(-66)*-6 composite?
True
Let a be (-8)/(-36)*-6*-3. Suppose -2*g = a + 44. Is (-1590)/g*(3 - -1) prime?
False
Suppose -6*b + 4417 = 919. Is b a composite number?
True
Suppose -4*o + 46328 = 3*c, -3*o + 17*c = 20*c - 34749. Is o composite?
False
Suppose -583*g = -576*g - 129017. Is g composite?
True
Let a be 2/7 - 1004/(-14). Let w = 19481 + -7371. Is w/18 - (-16)/a a prime number?
True
Let x(u) = 43*u**2 - 3*u - 29. Is x(-5) prime?
True
Let f be 38447*-2*(-1)/(-2). Let y = 27389 + f. Is y/(-54) + 2/9 composite?
True
Suppose -5*t - 4*k + 21507 = 0, 2*k + 20512 - 7599 = 3*t. Is t prime?
False
Is (-1 + -2)/((144/(-39642))/8) prime?
True
Suppose -10*j = -14*j + 7424. Let g = j - 579. Is g prime?
True
Let k(p) = -p**2 + 39*p + 41. Let t be (2 - (-24 - -4)) + 1. Is k(t) composite?
False
Let y be 2 - 4/4*19. Let k(b) = 2*b**2 - 7*b - 21. Let t be k(y). Suppose 0 = 3*l - 2045 - t. Is l prime?
True
Suppose 7*c = 3*c + 8. Suppose h = -4*f + 3, -c*f - 6 = -2*h - 0*h. Suppose -i - 3*j = -191, 0 = 2*i + 2*j + h*j - 382. Is i a prime number?
True
Suppose -33*a = -28*a - 12515. Is a prime?
True
Let d(n) = -n**2 - 17*n - 43. Let i(h) = -2*h**2 - 34*h - 86. Let z(g) = 5*d(g) - 3*i(g). Is z(-21) prime?
True
Let w be 1*3/9*-6. Let n be 4 + w - (-5 + 4). Suppose n*x - 4*x = -4*z - 357, 3*x + 3*z = 1146. Is x composite?
True
Suppose -5*u = 2*q + 4 - 3, 4*u - 6 = -5*q. Is (-7 + 3 + -467)*(q - 3) a prime number?
False
Let p = -5835 - -14189. Is p prime?
False
Let m be 36/4 + -4*1. Suppose -4*u = -9187 - 4377. Suppose -m*o + u = 786. Is o a composite number?
False
Let r(v) = 11*v**2 + 2*v. Let c be r(-1). Suppose 1807 = -c*n + 5578. Is n a prime number?
True
Suppose 8 = 3*i - 5*i, -2*u + 2*i = -8374. Is u a composite number?
True
Suppose p = 5*k - 15 - 8, -5*k - 2*p + 14 = 0. Suppose 3*y - k = y, 4*z - 3*y = 2594. Suppose -228 + z = 2*w. Is w prime?
True
Let m(p) = p**2 - 5*p + 4. Let u be m(5). Suppose 8*s = 12*s - 356. Suppose 0 = l + u*a - s, -5*l + 2*l + a = -228. Is l a composite number?
True
Let c(a) = 16*a**2 + a - 13. Let r be c(-5). Suppose -4*p + 126 = -r. Is p a prime number?
True
Let x(a) = 7*a**3 + 3*a**2 - 3*a - 5. Suppose 2*r + 40 = 52. Is x(r) a composite number?
False
Let r(k) = 12189*k - 55. Is r(12) a composite number?
False
Suppose y - 4 = h + 4, 4*h = 3*y - 27. Suppose -x + y*a - 21 = 6, -5*x - 4*a - 77 = 0. Is -3*x*21/9 prime?
False
Let l = 124 - 115. Suppose -l*x = -24*x + 4965. Is x composite?
False
Let b be (66/15 + -4)*5. Let p(u) = 5*u. Let f be p(b). Suppose -f + 285 = 5*k. Is k prime?
False
Suppose 127*m - 122*m - 4385 = 0. Is m a composite number?
False
Suppose -4651 + 14918 = z. Is z prime?
True
Let w(q) = 132*q + 779. Is w(21) a prime number?
False
Let k = -2469 + 3740. Is k composite?
True
Suppose -4*x - u = 3*u - 1536, u + 1944 = 5*x. Let a = x - 230. Is a composite?
True
Let k(l) = -2*l - 3. Let g(j) = -2*j - 3. Let b(t) = -2*g(t) + 3*k(t). Let d be -11 + (-3)/(-1) - 4. Is b(d) composite?
True
Let r = -214 - -139. Suppose -53 = 4*m + 5*z + 38, 3*m = 4*z - 107. Let k = m - r. Is k a prime number?
False
Suppose 23*t - 21*t + 105601 = 3*j, 0 = 3*j - 4*t - 105599. Is j composite?
False
Is (35/10 + -3)/((-1)/(-20074)) a composite number?
False
Let b(s) = 120*s**3 + 3*s**2 + 10*s - 4. Is b(5) a composite number?
False
Let q be 2*(-6)/(-8)*(1 + 9). Suppose -q*b - 3998 + 12293 = 0. Is b a prime number?
False
Suppose 0 = 5*r + 2*m - 2 - 4, 0 = -3*r - 4*m + 12. Suppose 10*v - 26*v + 21616 = r. Is v compo